 5*b - 342 = -6*b, -4 = -2*b. What is the units digit of c?
8
Suppose 5*z - 1807 + 602 = 0. Suppose -3*b - 3*m = -b - z, -b + 118 = m. What is the units digit of b?
3
Suppose 0*x + 2*x = 52. Let s = 82 - x. What is the tens digit of s?
5
What is the tens digit of -7*(6 - (-3 + 7))*-15?
1
Let n be (3/(-6))/1*-8. Suppose f = -n*l - 22, 4*l + 62 = 4*f - 9*f. What is the tens digit of f/(-4)*(-168)/(-20)?
2
Suppose -3*w + 84 = 393. Let y = w + 150. What is the tens digit of y?
4
Let t(m) = 7*m - 23. Let c be t(-5). Let l = 81 + c. What is the tens digit of l?
2
Let b = 7 - 7. Let y be 188/(b - -4) + -4. Suppose 0 = -5*a + y + 127. What is the tens digit of a?
3
Suppose 0 = u, 3*p + p - 3*u - 3432 = 0. What is the hundreds digit of p?
8
Let a(g) = 3*g**2 - 4*g + 2. Let o(q) = 5*q**2 - 7*q + 4. Let r(y) = 7*a(y) - 4*o(y). Let v be r(2). Suppose v*j = -j + 75. What is the units digit of j?
5
Let q be -2 + 0 + (-8)/(-4). Suppose -x - 4*p = -5, -4*p + q*p = 2*x - 30. Let z = -14 + x. What is the tens digit of z?
1
Let z be -21 - -24 - (0 + 2 - 5). Suppose z*p = -p + 196. What is the units digit of p?
8
Suppose 43*g = 44*g - 612. What is the units digit of g?
2
What is the tens digit of (-4)/16 + ((-970)/8)/(-5)?
2
Suppose -2*r + 1216 = -2*x - 752, -5*x - 3931 = -4*r. What is the tens digit of r?
8
Let w(r) = 60*r**2 - 6*r + 8. Suppose -8*p + 3*p = -10. What is the tens digit of w(p)?
3
Let s(i) = -33*i - 117. What is the tens digit of s(-15)?
7
Suppose -4 = -r - i, 5*r = -4*i - 10 + 29. What is the tens digit of r/(-2*(-4)/336)?
2
Suppose 0 = 4*f - 5*p - 2447, -5*f - p + 3066 = -0*f. What is the units digit of f?
3
Suppose 0 = -0*x - 2*x + 4. Suppose -x*y = 27 + 49. What is the tens digit of (y/10)/(8/(-40))?
1
Let o(z) = z**3 + 10*z**2 + 4*z + 2. Let c be o(-8). Suppose -5*l + 27 = -c. Suppose 0 = -f + l - 9. What is the units digit of f?
6
Suppose -w + 2*z + 1747 = 150, -5*w + 7985 = -4*z. What is the hundreds digit of w?
5
What is the tens digit of 5840/(-24)*1/(-2)*3?
6
Suppose -3*i = -9*i - 24. What is the units digit of 1380/36 + i/(-6)?
9
Let n(k) = -k**3 + k - 2. Let b be n(-2). Suppose b = 2*z - 2. What is the tens digit of (-3)/((-9)/69) - z?
2
Let x(d) = -d + 19. Let n be x(16). Suppose 2*s + 3*s = -4*c - 58, -2*c + n*s = 18. What is the units digit of c*-7*(-2)/(-8)?
1
Let g(d) = 7*d - d - 3 - 2*d. Let x be g(3). What is the units digit of ((-3)/(-9))/(1/x)?
3
Suppose 5*t - 114 - 1646 = 0. What is the tens digit of 10/4*t/55?
1
Let p = 9822 + 15196. What is the hundreds digit of 2/(-15) + p/210?
1
Suppose -2*g + 0 + 8 = 0. What is the units digit of g*(-2)/12*-60?
0
Let u(q) = 67*q**2 + 43*q - 24. What is the thousands digit of u(5)?
1
Let g(m) = m**3 - 82*m**2 + 330*m + 169. What is the hundreds digit of g(78)?
5
Let f(b) = -2*b**3 - 9*b**2 - 8*b - 2. What is the tens digit of f(-7)?
9
Let o(x) = 152*x + 274. What is the tens digit of o(15)?
5
Suppose 4*g - 1296 = -4*c, 0 = -2*c - 2*c + 3*g + 1282. Suppose -4*k = -v - 140, 5*k + 5*v + 122 = c. What is the tens digit of k?
3
Let x = -18 - -35. Let f(c) = -c**3 + 3*c**2 - c. Let g be f(1). Suppose g = -l + x. What is the tens digit of l?
1
Suppose 101*l - 297 = 104*l. Let n = -58 - l. What is the tens digit of n?
4
Let t(o) = o**2 - o - 9. Let u(f) = f**2 + f + 1. Let p(g) = t(g) + 6*u(g). What is the tens digit of p(-3)?
4
Let h(p) = -p**2 + 5*p - 2. Let j be h(4). Suppose -n - 3*n - 24 = -c, 5*c = -3*n + 5. What is the units digit of n*((-48)/20)/j?
6
Let w(x) = 7*x + 21. Let i be w(-9). Let j = i + 114. What is the units digit of j?
2
Suppose -50 = 5*q - 3*i - 120, -7 = -2*q - 3*i. Let r be (-1 - -6)/(q/22). Suppose 4*h + 14 = t, -3*h - r = -8*h. What is the units digit of t?
2
Let s be (-1731)/(-6) + (-6)/12. Suppose -m - 3*m = -s. What is the units digit of m?
2
Let t = -26 + 24. Let l(y) = y**2 - 5*y - 10. Let o(f) = 4*f**2 - 19*f - 40. Let v(g) = t*o(g) + 9*l(g). What is the units digit of v(12)?
0
Suppose 5*q = -2*i + 472 + 927, 0 = -2*q + 3*i + 552. What is the hundreds digit of q?
2
Let w = -1306 + 3769. What is the units digit of w?
3
Let p(b) = -3 + 14*b + 0*b**2 + b**3 - 4*b - 2*b**2 - 4*b**2. Let l be p(4). Suppose 114 = -l*d + 379. What is the units digit of d?
3
Let j(k) = k. Let q be j(-8). Let n = q - -12. Let u = n + 2. What is the units digit of u?
6
Suppose -4 = -4*m, 1337 = 5*l + m - 2169. What is the units digit of l?
1
Suppose -4*c - 2*w + 1973 = -1991, -4*w - 1009 = -c. What is the tens digit of c?
9
Suppose -12*l - 46 = -10*l. Let a = l - -57. What is the units digit of a?
4
Let q(t) = -7*t - 5. Let r be q(-8). Suppose -o - r = -6*y + 2*y, 3*o - 42 = -3*y. What is the units digit of y?
3
Let b(o) = 4*o**2 - 3*o + 1. Let g be 14/35 - 8/(-5). Suppose 5*q + 5*s = 15, s + 3*s = g*q. What is the tens digit of b(q)?
1
Let a(t) = -t**3 - 3*t**2 - 4*t + 6. Let r be (0 - 14/6) + 12/(-18). What is the units digit of a(r)?
8
Suppose 23*n - 27*n = -632. Suppose 0 = -5*d - 3*i + 313, 5*d - 3*i - 179 - n = 0. What is the tens digit of d?
6
Suppose 0 = 295*j - 293*j - 7820. What is the hundreds digit of j?
9
Suppose -21 = -3*z + 5*c + 65, 5*z - 133 = -2*c. Let v be z + (0 - (6 + -4)). Let b = v - -7. What is the units digit of b?
2
Let t(b) be the first derivative of 35*b**4/4 + b - 106. Let u(s) = -s + 5. Let j be u(4). What is the tens digit of t(j)?
3
Suppose 0 = -v - 4*b + 164, 2*b + 580 - 116 = 3*v. Suppose -2*g + v = 2*h - 7*g, h - 3*g - 77 = 0. What is the tens digit of h?
8
Let i = -105 - -336. What is the units digit of i?
1
Let k = -10 - -29. Let n = k - -9. What is the tens digit of n?
2
Let a = 710 - 238. Suppose -4*d - a = -12*d. What is the tens digit of d?
5
What is the tens digit of 6/48*-4034*(-2 + -2)?
1
Let j = -10351 - -15500. What is the thousands digit of j?
5
Let t(h) = -h**2 - 8*h - 4. Let b be t(-6). What is the tens digit of 99/4*b/2?
9
Let b(c) = 63*c - 2. What is the tens digit of b(6)?
7
Let o(t) be the first derivative of t**3/3 + 3*t**2/2 - 4*t + 12. Let a be o(2). Suppose -3*z - a*l = -l - 2, 4*l + 16 = 2*z. What is the units digit of z?
4
Suppose -5*j = -4*c - 3115 - 427, -j + 702 = -4*c. What is the tens digit of j?
1
Let d be (210/(-84))/(2/(-20)). Suppose -5*a = m - 25, -10 = 4*m - a - a. Suppose 2*w = u + d, 4*w + m*w = u + 49. What is the units digit of w?
2
Let z(b) = -2*b + 12. Suppose 0 = 2*d - d - 20. Suppose -3*i - d = 22. What is the tens digit of z(i)?
4
Let i(z) = -z**3 - 10*z**2 - 9*z + 3. Let k be i(-9). Suppose -2*w - 3*w - 9 = -4*r, -3*r + 3 = -k*w. What is the tens digit of -2 + 2 + w + 59?
5
Suppose 0 = -4*r - r + 925. Let z = r + -81. What is the units digit of z?
4
Suppose f - 4*x = 0, -5*x + 69 = 5*f - 2*x. Let l = -8 + f. What is the units digit of l + -8 + 11/1?
7
Let l(m) = -m**2 - 3*m + 63. Let u be l(7). Let d(k) be the second derivative of k**4/12 + 7*k**3/6 + 2*k**2 + k. What is the units digit of d(u)?
4
Let d(a) = 32*a + 25. Let h(i) = 16*i + 12. Let c(k) = -6*d(k) + 13*h(k). What is the tens digit of c(5)?
8
Suppose -5*n + 40 = 3*c, -5 = -n - 0*n. Suppose 5*d - 17 = -3*x, -3*x - 6 + 3 = 0. Suppose -d*j = -c*j + 25. What is the units digit of j?
5
Let l(r) = 7*r**2 - 3*r - 4. Let m(h) = 8*h**2 - 4*h - 5. Let n(z) = 5*l(z) - 4*m(z). What is the tens digit of n(5)?
8
Suppose 4*r = -5*c - 10, r + 4*c - 1 + 9 = 0. Suppose -4*d + 6 = -2*m, r = 4*m - 3*d + 2*d - 9. Suppose -x - 34 = -m*x. What is the units digit of x?
7
Let n(c) = -22*c**3 + 3*c**2 - 7*c - 12. What is the tens digit of n(-6)?
9
Let x = 2301 + -1912. What is the hundreds digit of x?
3
Suppose -2*g = -293 - 3. Suppose 0*c + g = 2*c. What is the tens digit of c?
7
Let z = 352 - -12. Suppose j = 5*j - z. What is the tens digit of j?
9
Let u be -8 + (1 - (2 + 0)). Suppose -72 = -8*c + 16. Let i = c + u. What is the units digit of i?
2
Let k(z) = 12*z + 20. Let f be 47/9 - (-2)/(-9). What is the tens digit of k(f)?
8
Suppose -y - 8675 = -26*y. What is the units digit of y?
7
Let r be (-6)/(2 + -6 + 2). Suppose -538 = -5*s + 2*p, -s + r*p - 518 = -6*s. What is the tens digit of s?
0
Suppose -4*u + 2*u + 2 = -4*p, 0 = u - 3*p - 3. Let i(o) = -8*o - 7. What is the units digit of i(u)?
7
Let o = 6 + 1. Let w(p) = -2*p**3 - o*p**2 + p**3 + 11*p - 13 + 3. What is 